{"id":3635,"date":"2024-10-11T08:30:07","date_gmt":"2024-10-11T08:30:07","guid":{"rendered":"https:\/\/paulmaheke.com\/projets\/?page_id=3635"},"modified":"2024-10-12T23:26:51","modified_gmt":"2024-10-12T23:26:51","slug":"in-convo-w-emma-bige-et-jerome-mauche","status":"publish","type":"page","link":"http:\/\/paulmaheke.com\/projets\/in-convo-w-emma-bige-et-jerome-mauche","title":{"rendered":"In-convo w\/ Emma Big\u00e9 &amp; J\u00e9r\u00f4me mauche"},"content":{"rendered":"\n<p><\/p>\n\n\n\n<p><\/p>\n\n\n\n<figure class=\"wp-block-embed is-type-video is-provider-youtube wp-block-embed-youtube wp-embed-aspect-16-9 wp-has-aspect-ratio\"><div class=\"wp-block-embed__wrapper\">\n<iframe loading=\"lazy\" title=\"Po\u00e9sie Plateforme avec Emma Big\u00e9 et Paul Maheke, anim\u00e9 par J\u00e9r\u00f4me Mauche\" width=\"500\" height=\"281\" src=\"https:\/\/www.youtube.com\/embed\/eBbHOXaAX_k?feature=oembed\" frameborder=\"0\" allow=\"accelerometer; autoplay; clipboard-write; encrypted-media; gyroscope; picture-in-picture; web-share\" referrerpolicy=\"strict-origin-when-cross-origin\" allowfullscreen><\/iframe>\n<\/div><\/figure>\n","protected":false},"excerpt":{"rendered":"","protected":false},"author":1,"featured_media":0,"parent":0,"menu_order":0,"comment_status":"closed","ping_status":"closed","template":"","meta":{"jetpack_post_was_ever_published":false,"footnotes":""},"class_list":["post-3635","page","type-page","status-publish","hentry"],"jetpack_shortlink":"https:\/\/wp.me\/P4E7Fe-WD","jetpack_sharing_enabled":true,"_links":{"self":[{"href":"http:\/\/paulmaheke.com\/projets\/wp-json\/wp\/v2\/pages\/3635","targetHints":{"allow":["GET"]}}],"collection":[{"href":"http:\/\/paulmaheke.com\/projets\/wp-json\/wp\/v2\/pages"}],"about":[{"href":"http:\/\/paulmaheke.com\/projets\/wp-json\/wp\/v2\/types\/page"}],"author":[{"embeddable":true,"href":"http:\/\/paulmaheke.com\/projets\/wp-json\/wp\/v2\/users\/1"}],"replies":[{"embeddable":true,"href":"http:\/\/paulmaheke.com\/projets\/wp-json\/wp\/v2\/comments?post=3635"}],"version-history":[{"count":2,"href":"http:\/\/paulmaheke.com\/projets\/wp-json\/wp\/v2\/pages\/3635\/revisions"}],"predecessor-version":[{"id":3662,"href":"http:\/\/paulmaheke.com\/projets\/wp-json\/wp\/v2\/pages\/3635\/revisions\/3662"}],"wp:attachment":[{"href":"http:\/\/paulmaheke.com\/projets\/wp-json\/wp\/v2\/media?parent=3635"}],"curies":[{"name":"wp","href":"https:\/\/api.w.org\/{rel}","templated":true}]}}