{"id":792,"date":"2014-09-29T10:43:32","date_gmt":"2014-09-29T10:43:32","guid":{"rendered":"http:\/\/paulmaheke.com\/projets\/?page_id=792"},"modified":"2024-05-29T21:02:04","modified_gmt":"2024-05-29T21:02:04","slug":"par-cedric-aurelle","status":"publish","type":"page","link":"http:\/\/paulmaheke.com\/projets\/par-cedric-aurelle","title":{"rendered":"Text by C\u00e9dric Aurelle (Quotidien de l&rsquo;Art)"},"content":{"rendered":"<p style=\"text-align: left;\"><strong>Le Scintillement d&rsquo;une \u00eele.<\/strong><\/p>\n<p style=\"text-align: justify;\">C\u2019est un rayon qui vient illuminer le regard, un scintillement dans le paysage, un reflet color\u00e9 dans la ville, qui confond la r\u00e9tine dans ses habitudes et vient surprendre le touriste dans son indolence. La question d\u2019un regard qui serait constitutif de nos identit\u00e9s, asservi aux codes de la repr\u00e9sentation m\u00e9diatique du monde, mais porteur d\u2019un potentiel d\u2019\u00e9mancipation, semble centrale dans la d\u00e9marche artistique de Paul Maheke. Aussi, ce tract diffus\u00e9 pour \u00ab <em>En conna\u00eetre moins sur notre propre situation<\/em> \u00bb, une marche organis\u00e9e \u00e0 Paris en 2013 en collaboration avec Maxime Bichon, sans revendication autre que l\u2019\u00eatre ensemble, pourrait-il servir d\u2019\u00e9l\u00e9ment repoussoir introduisant \u00e0 son \u0153uvre : \u00ab Il faut d\u2019abord d\u00e9crire ce regard qui part du bas pour aller vers le haut et rebondit sur tous les reflets qui rejaillissent et se diffractent sur le m\u00e9tal des p\u00f4les. [\u2026] Le Pornoscope pourrait \u00eatre cette architecture faite de lustre et de reflets, d\u2019\u00e9clats et de brillances. Une architecture con\u00e7ue pour s\u2019assurer que l\u2019\u0153il sera repu, rassasi\u00e9 des effets de lumi\u00e8re et de la vibration des surfaces lisses et luisantes agit\u00e9es sous le poids de ce corps qui danse. [\u2026] \u00bb Aussi est-ce \u00e0 une d\u00e9saturation du regard que se livre Paul Maheke dans son travail, afin de l\u2019extraire de ce \u00ab <em>Pornoscope<\/em> \u00bb qui le retient captif.<\/p>\n<p style=\"text-align: justify;\">Comme dans cette s\u00e9rie de petites peintures, ses R\u00e9flecteurs iridescents, qu\u2019il abandonne dans la banlieue de Montr\u00e9al, mis \u00e0 la disposition du passant, ou encore dans le cadre de Tout en sollicitant le soleil, une s\u00e9rie de performances et d\u2019interventions qu\u2019il a r\u00e9alis\u00e9es en 2012 \u00e0 Barcelone. Sur une colline aride des alentours de la capitale catalane, l\u2019artiste a enduit la tranche d\u2019un tronc d\u2019arbre abattu d\u2019un gel scintillant bleu nuit ; ou encore, ce jeune homme arborant une jupe couverte de sequins argent\u00e9s chatoyants dans la lumi\u00e8re solaire qui tourne sur lui-m\u00eame tel un derviche tourneur devant le Pavillon allemand de Mies van der Rohe. Non pas tant ici \u00e9branler la modernit\u00e9 en dansant la couleur dans l\u2019espace comme le fit H\u00e9lio Oiticica avec ses <em>Parangol\u00e9s<\/em>, que mettre en branle le regard avec la complicit\u00e9 d\u2019un soleil diffract\u00e9 qui n\u2019\u00e9blouit pas mais d\u00e9cille les yeux.<\/p>\n<p style=\"text-align: justify;\">Des interventions furtives ou modestes qui op\u00e8rent l\u2019espace rationnel de la ville, mais aussi les paysages en tant que syst\u00e8mes de pens\u00e9e structur\u00e9s par nos imaginaires. Des imaginaires paysagers, habit\u00e9s d\u2019arch\u00e9types dont le mieux arrim\u00e9 pourrait \u00eatre cette \u00eele comprise comme l\u2019espace colonis\u00e9 par excellence : une r\u00e9flexion qui alimente le film que Paul Maheke vient de terminer \u2014 presque naturellement \u2014 lors d\u2019une r\u00e9sidence au CIAP sur l\u2019\u00cele de Vassivi\u00e8re en Limousin. <em>Tropicalit\u00e9, l\u2019\u00eele et l\u2019exote<\/em> (2014) est une vid\u00e9o sans son d\u2019une douzaine de minutes dans laquelle l\u2019artiste m\u00eale des paysages qu\u2019il a film\u00e9s lors de s\u00e9jours \u00e0 La R\u00e9union, en Islande et \u00e0 Vassivi\u00e8re. Des extraits de textes de Victor Segalen (<em>Essai sur l\u2019Exotisme<\/em>), Michel Foucault (<em>Le Corps utopique<\/em>) et Patrick Chamoiseau (<em>L\u2019Empreinte \u00e0 Cruso\u00e9<\/em>) disent l\u2019int\u00e9r\u00eat de l\u2019artiste pour les questions de construction de l\u2019Autre dans le regard exotique, des structures de pouvoir associ\u00e9es \u00e0 ce regard et, au final, d\u2019une d\u00e9colonisation de ce dernier. Derri\u00e8re un encha\u00eenement de paysages \u00eeliens articul\u00e9s \u00e0 ce fil de sous-textes appara\u00eet la figure d\u2019un Autre et comme le fant\u00f4me ou le fantasme de son corps. Un corps \u00e0 soi et pourtant \u00e9tranger, qui pourrait se reconqu\u00e9rir par la danse \u2014 l\u2019artiste y appara\u00eet ex\u00e9cutant des mouvements de krump, de vogue, de twerk, de bounce music, autant de danses n\u00e9es dans les banlieues noires nord-am\u00e9ricaines du rejet de formes de violence et d\u2019autorit\u00e9 et proc\u00e9dant d\u2019une r\u00e9appropriation de soi par la mise en branle \u2014 avec sa part d\u2019\u00e9rotisme.<br \/>\nDe l\u2019autre c\u00f4t\u00e9 des images et du d\u00e9sir, c\u2019est le touriste qui regarde : en butant sur les coquillages exotiques sem\u00e9s dans l\u2019\u00eele par Paul Maheke et Alice Didier Champagne, peut-\u00eatre se rapprochera-t-il de Proust lorsqu\u2019il \u00e9crivit que \u00ab le v\u00e9ritable voyage de d\u00e9couverte ne consiste pas \u00e0 chercher de nouveaux paysages, mais \u00e0 avoir de nouveaux yeux \u00bb (1) ?<\/p>\n<p style=\"text-align: center;\"><a href=\"http:\/\/paulmaheke.com\/projets\/wp-content\/uploads\/Dervish_MVDRohe.jpg\"><img loading=\"lazy\" decoding=\"async\" class=\"aligncenter wp-image-444\" src=\"http:\/\/paulmaheke.com\/projets\/wp-content\/uploads\/Dervish_MVDRohe.jpg\" alt=\"Dervish et Van der Rohe\" width=\"290\" height=\"434\" srcset=\"http:\/\/paulmaheke.com\/projets\/wp-content\/uploads\/Dervish_MVDRohe.jpg 590w, http:\/\/paulmaheke.com\/projets\/wp-content\/uploads\/Dervish_MVDRohe-200x300.jpg 200w\" sizes=\"auto, (max-width: 290px) 100vw, 290px\" \/><\/a><\/p>\n<p><strong>Paul Maheke a particip\u00e9 au Salon de Montrouge en 2014. Il est dipl\u00f4m\u00e9 de l\u2019\u00c9cole nationale sup\u00e9rieure d\u2019art de Paris-Cergy et est actuellement en r\u00e9sidence au Centre international d\u2019art et du paysage (CIAP) de Vassivi\u00e8re (Limousin) en duo avec Alice Didier Champagne o\u00f9 ils ont pr\u00e9sent\u00e9 l\u2019exposition \u00ab <em>Paysage sauvage<\/em> \u00bb lors des Journ\u00e9es europ\u00e9ennes du patrimoine.<\/strong><\/p>\n<p>(1) Marcel Proust, <em>\u00c0 la Recherche du Temps perdu, La Prisonni\u00e8re<\/em>.<\/p>\n<p><span style=\"color: #ffff00;\">C\u00e9dric Aurelle,<em> Le Scintillement d&rsquo;une \u00eele<\/em>, Le Quotidien de l&rsquo;Art n\u00b0678, sept. 2014<\/span><\/p>\n","protected":false},"excerpt":{"rendered":"<p>Le Scintillement d&rsquo;une \u00eele. C\u2019est un rayon qui vient illuminer le regard, un scintillement dans le paysage, un reflet color\u00e9 dans la ville, qui confond la r\u00e9tine dans ses habitudes et vient surprendre le touriste dans son indolence. La question d\u2019un regard qui serait constitutif de nos identit\u00e9s, asservi aux codes de la repr\u00e9sentation m\u00e9diatique [&hellip;]<\/p>\n","protected":false},"author":1,"featured_media":0,"parent":0,"menu_order":0,"comment_status":"closed","ping_status":"closed","template":"","meta":{"jetpack_post_was_ever_published":false,"footnotes":""},"class_list":["post-792","page","type-page","status-publish","hentry"],"jetpack_shortlink":"https:\/\/wp.me\/P4E7Fe-cM","jetpack_sharing_enabled":false,"_links":{"self":[{"href":"http:\/\/paulmaheke.com\/projets\/wp-json\/wp\/v2\/pages\/792","targetHints":{"allow":["GET"]}}],"collection":[{"href":"http:\/\/paulmaheke.com\/projets\/wp-json\/wp\/v2\/pages"}],"about":[{"href":"http:\/\/paulmaheke.com\/projets\/wp-json\/wp\/v2\/types\/page"}],"author":[{"embeddable":true,"href":"http:\/\/paulmaheke.com\/projets\/wp-json\/wp\/v2\/users\/1"}],"replies":[{"embeddable":true,"href":"http:\/\/paulmaheke.com\/projets\/wp-json\/wp\/v2\/comments?post=792"}],"version-history":[{"count":24,"href":"http:\/\/paulmaheke.com\/projets\/wp-json\/wp\/v2\/pages\/792\/revisions"}],"predecessor-version":[{"id":3509,"href":"http:\/\/paulmaheke.com\/projets\/wp-json\/wp\/v2\/pages\/792\/revisions\/3509"}],"wp:attachment":[{"href":"http:\/\/paulmaheke.com\/projets\/wp-json\/wp\/v2\/media?parent=792"}],"curies":[{"name":"wp","href":"https:\/\/api.w.org\/{rel}","templated":true}]}}